{"id":253,"date":"2020-08-18T11:53:22","date_gmt":"2020-08-18T14:53:22","guid":{"rendered":"https:\/\/savatel.com.br\/loja\/?post_type=product&#038;p=253"},"modified":"2021-04-27T16:40:51","modified_gmt":"2021-04-27T19:40:51","slug":"placa-eletronica-ecoder-encosto-saevo-cod-40300046860","status":"publish","type":"product","link":"https:\/\/savatel.com.br\/loja\/produto\/placa-eletronica-ecoder-encosto-saevo-cod-40300046860\/","title":{"rendered":"Placa eletr\u00f4nica ecoder encosto Saevo &#8211; c\u00f3d. 40300046860"},"content":{"rendered":"<p>Placa eletr\u00f4nica ecoder encosto Saevo &#8211; c\u00f3d. 40300046860<\/p>\n","protected":false},"excerpt":{"rendered":"<p>Placa eletr\u00f4nica ecoder encosto Saevo &#8211; c\u00f3d. 40300046860<\/p>\n","protected":false},"featured_media":254,"comment_status":"open","ping_status":"closed","template":"","meta":[],"product_brand":[],"product_cat":[35,29,52],"product_tag":[133,132,57],"class_list":{"0":"post-253","1":"product","2":"type-product","3":"status-publish","4":"has-post-thumbnail","6":"product_cat-marcas","7":"product_cat-pecas","8":"product_cat-saevo","9":"product_tag-133","10":"product_tag-placa-eletronica-ecoder-encosto","11":"product_tag-saevo","13":"first","14":"instock","15":"shipping-taxable","16":"product-type-simple"},"jetpack_sharing_enabled":true,"_links":{"self":[{"href":"https:\/\/savatel.com.br\/loja\/wp-json\/wp\/v2\/product\/253","targetHints":{"allow":["GET"]}}],"collection":[{"href":"https:\/\/savatel.com.br\/loja\/wp-json\/wp\/v2\/product"}],"about":[{"href":"https:\/\/savatel.com.br\/loja\/wp-json\/wp\/v2\/types\/product"}],"replies":[{"embeddable":true,"href":"https:\/\/savatel.com.br\/loja\/wp-json\/wp\/v2\/comments?post=253"}],"wp:featuredmedia":[{"embeddable":true,"href":"https:\/\/savatel.com.br\/loja\/wp-json\/wp\/v2\/media\/254"}],"wp:attachment":[{"href":"https:\/\/savatel.com.br\/loja\/wp-json\/wp\/v2\/media?parent=253"}],"wp:term":[{"taxonomy":"product_brand","embeddable":true,"href":"https:\/\/savatel.com.br\/loja\/wp-json\/wp\/v2\/product_brand?post=253"},{"taxonomy":"product_cat","embeddable":true,"href":"https:\/\/savatel.com.br\/loja\/wp-json\/wp\/v2\/product_cat?post=253"},{"taxonomy":"product_tag","embeddable":true,"href":"https:\/\/savatel.com.br\/loja\/wp-json\/wp\/v2\/product_tag?post=253"}],"curies":[{"name":"wp","href":"https:\/\/api.w.org\/{rel}","templated":true}]}}