{"id":19,"date":"2020-07-14T11:38:36","date_gmt":"2020-07-14T14:38:36","guid":{"rendered":"http:\/\/savatel.com.br\/loja\/?post_type=product&#038;p=19"},"modified":"2021-04-27T19:53:23","modified_gmt":"2021-04-27T22:53:23","slug":"consultorio-d700-3t-1-sugador","status":"publish","type":"product","link":"https:\/\/savatel.com.br\/loja\/produto\/consultorio-d700-3t-1-sugador\/","title":{"rendered":"Consult\u00f3rio D700 3T &#8211; 1 sugador"},"content":{"rendered":"<p><strong>Cadeira<\/strong><br \/>\nPT\/VZ (posi\u00e7\u00e3o de trabalho \/ volta a zero) totalmente autom\u00e1ticas;<br \/>\nAssento e encosto com movimentos de subida e descida;<br \/>\nAssento com altura m\u00ednima de 43 cm e m\u00e1xima de 73 cm;<br \/>\nEncosto com linhas arredondadas, com curvatura anat\u00f4mica (largura de 60 cm) e apoio lombar;<br \/>\nSistema fuso de inclina\u00e7\u00e3o do encosto e eleva\u00e7\u00e3o do assento;<br \/>\nSistema pantogr\u00e1fico de eleva\u00e7\u00e3o;<br \/>\nBra\u00e7os direito e esquerdo;<br \/>\nAcendimento do refletor no pedal de comando (uma intensidade);<br \/>\nEncosto de cabe\u00e7a biarticulado;<br \/>\nExclusiva carenagem;<br \/>\nBase da cadeira em chapa de a\u00e7o maci\u00e7a 3\/8 (polegadas) de espessura;<br \/>\nEncosto e base do assento em vergalh\u00e3o e chapa de a\u00e7o;<br \/>\nL\u00e2mina do encosto de cabe\u00e7a pintada e guias de a\u00e7o;<br \/>\nSuperf\u00edcies met\u00e1licas com banho de prote\u00e7\u00e3o contra oxida\u00e7\u00e3o;<br \/>\nSuperf\u00edcies aparentes com pintura lisa;<br \/>\nTransformador de 12 V para alimenta\u00e7\u00e3o do refletor;<br \/>\nRel\u00e9 de partida e fus\u00edvel de prote\u00e7\u00e3o;<br \/>\nEstofamento extramacio, com espuma de poliuretano no encosto e espuma laminada no assento, revestido em PVC &#8211; lav\u00e1vel e sem costura;<br \/>\nFus\u00edvel de prote\u00e7\u00e3o de rede (entrada): 10A (110\/127 V)<br \/>\n5A (220\/240 V);<br \/>\nFus\u00edvel de prote\u00e7\u00e3o do circuito: 5A.<\/p>\n<p><strong>Equipo<\/strong><br \/>\nKart, sobre rodas;<br \/>\nLinhas arredondadas;<br \/>\nSele\u00e7\u00e3o autom\u00e1tica das pontas, controlada por um bloco de acionamento pneum\u00e1tico (sistema BAP);<br \/>\nSuporte de pontas;<br \/>\nAlma estrutural em a\u00e7o. Corpo e capas em ABS;<br \/>\nBandeja em a\u00e7o inox;<br \/>\nTerminal para micromotor sem spray;<br \/>\nTerminal para alta rota\u00e7\u00e3o;<br \/>\nSeringa tr\u00edplice;<br \/>\nMangueiras lisas, leves e flex\u00edveis.<\/p>\n<p><strong>Unidade Auxiliar<\/strong><br \/>\nAcoplada \u00e0 cadeira, com cuba de cuspideira em cer\u00e2mica e formas arredondadas (destac\u00e1vel da unidade do corpo).<br \/>\nPorta-copos;<br \/>\nAbertura lateral (facilita a aproxima\u00e7\u00e3o da auxiliar) e remov\u00edvel (proporciona perfeita desinfec\u00e7\u00e3o);<br \/>\nRalo separador de detritos;<br \/>\nCorpo da unidade com carenagem envolvente (dispensa tubos, suportes ou acoplamentos aparentes);<br \/>\nUm terminal para suc\u00e7\u00e3o (Sistema Venturi), com mangueira do sugador (desconecta-se sem necessidade de ferramentas);<br \/>\nSuporte de pontas;<br \/>\nSeparadores de detritos e tela de a\u00e7o inox;<br \/>\nCaixa de esgoto com respiro e abafador de ru\u00eddos;<br \/>\nChassi em a\u00e7o pintado;<br \/>\nRevestimento externo em poliestireno;<br \/>\nSuporte da unidade em a\u00e7o pintado.<\/p>\n<p><strong>Refletor<\/strong><br \/>\nMonofocal, acoplado ao bra\u00e7o vertical do fixo \u00e0 cadeira;<br \/>\nCabe\u00e7ote com puxador incorporado;<br \/>\nEspelho multifacetado com tratamento multicoating (produz luz fria distribu\u00edda de maneira uniforme);<br \/>\nTemperatura de cor 5.500 graus Kelvin (aproximadamente);<br \/>\nCampo de ilumina\u00e7\u00e3o de 8 x 12 a 70 cm de dist\u00e2ncia com 20.000 Lux.<br \/>\nSistema de troca f\u00e1cil de l\u00e2mpadas e espelho em policarbonato transparente;<br \/>\nBra\u00e7os com linhas arredondadas e pintura lisa;<br \/>\nL\u00e2mpada Hal\u00f3gena: 12V x 55W;<br \/>\nFus\u00edvel de prote\u00e7\u00e3o: 6A.<\/p>\n<p>15 MESES DE GARANTIA NO EQUIPAMENTO E 6 MESES PARA O ESTOFAMENTO<\/p>\n","protected":false},"excerpt":{"rendered":"<p>Cadeira PT\/VZ (posi\u00e7\u00e3o de trabalho \/ volta a zero) totalmente autom\u00e1ticas; Assento e encosto com movimentos de subida e descida; Assento com altura m\u00ednima de 43 cm e m\u00e1xima de 73 cm; Encosto com linhas arredondadas, com curvatura anat\u00f4mica (largura de 60 cm) e apoio lombar; Sistema fuso de inclina\u00e7\u00e3o do encosto e eleva\u00e7\u00e3o do [&hellip;]<\/p>\n","protected":false},"featured_media":20,"comment_status":"open","ping_status":"closed","template":"","meta":[],"product_brand":[],"product_cat":[24],"product_tag":[16,17],"class_list":{"0":"post-19","1":"product","2":"type-product","3":"status-publish","4":"has-post-thumbnail","6":"product_cat-equipamentos","7":"product_tag-consultorio-d700","8":"product_tag-consultorio-dentario","10":"first","11":"instock","12":"shipping-taxable","13":"product-type-simple"},"jetpack_sharing_enabled":true,"_links":{"self":[{"href":"https:\/\/savatel.com.br\/loja\/wp-json\/wp\/v2\/product\/19","targetHints":{"allow":["GET"]}}],"collection":[{"href":"https:\/\/savatel.com.br\/loja\/wp-json\/wp\/v2\/product"}],"about":[{"href":"https:\/\/savatel.com.br\/loja\/wp-json\/wp\/v2\/types\/product"}],"replies":[{"embeddable":true,"href":"https:\/\/savatel.com.br\/loja\/wp-json\/wp\/v2\/comments?post=19"}],"wp:featuredmedia":[{"embeddable":true,"href":"https:\/\/savatel.com.br\/loja\/wp-json\/wp\/v2\/media\/20"}],"wp:attachment":[{"href":"https:\/\/savatel.com.br\/loja\/wp-json\/wp\/v2\/media?parent=19"}],"wp:term":[{"taxonomy":"product_brand","embeddable":true,"href":"https:\/\/savatel.com.br\/loja\/wp-json\/wp\/v2\/product_brand?post=19"},{"taxonomy":"product_cat","embeddable":true,"href":"https:\/\/savatel.com.br\/loja\/wp-json\/wp\/v2\/product_cat?post=19"},{"taxonomy":"product_tag","embeddable":true,"href":"https:\/\/savatel.com.br\/loja\/wp-json\/wp\/v2\/product_tag?post=19"}],"curies":[{"name":"wp","href":"https:\/\/api.w.org\/{rel}","templated":true}]}}